 What are the prime factors of a?
2, 3, 47
Suppose -b - 17*b - 774 = 0. Let h = -42 - b. What are the prime factors of (-7)/(-2)*(13 - h) + 3?
3, 5
Let p(m) = 1011*m**2 - 22*m + 23. List the prime factors of p(3).
2, 283
Suppose -4*z = -5*b + 24, 3*b + 0 - 10 = -2*z. Let o be (5 + 0)*z + 26. List the prime factors of 6/21 - (4020/o)/(-2).
2, 3
Let z(c) = -4*c. Let t(r) = r**3 - 3*r**2 - 2*r + 5. Let y be t(3). Let v be z(y). Suppose 0 = -v*o + 8*o - 16. What are the prime factors of o?
2
Let g = 823 + -358. Let k = 655 - g. List the prime factors of k.
2, 5, 19
Let r(k) be the second derivative of -1/5*k**5 - 1/3*k**3 + 10*k - 7/12*k**4 + 0 - 5/2*k**2. What are the prime factors of r(-3)?
2, 23
Let q be 64293/(-18) - 112/96. Let n = q + 5188. List the prime factors of n.
5, 17, 19
Let z = 363 - 645. Let f = 428 + z. List the prime factors of f.
2, 73
Let k be (538/(-3))/((-114)/(-171)). Suppose -u + g - 2163 = -5*u, 5*u + 2*g - 2706 = 0. Let w = k + u. List the prime factors of w.
271
Suppose 41 = -33*n - 8*n. List the prime factors of (-728)/16*-14 - n.
2, 11, 29
List the prime factors of 9/15 - (-436656)/15.
43, 677
Let r be (2/((-48)/(-568)))/((-1)/(-600)). What are the prime factors of (r/(-15))/5*-3?
2, 71
Let n(p) = -120 + 89 - 24*p**3 + p**2 - 14*p - 2*p**2. List the prime factors of n(-3).
2, 5, 13
Let u(a) = -a**3 - 12*a**2 - 9*a - 25. Let c be u(-11). Let s = 486 - c. What are the prime factors of s?
13, 41
Suppose -23237 = -55*d + 53*d - 3*z, 5*d - 58064 = 2*z. What are the prime factors of d?
2, 5807
Suppose -2*j + 52080 = 5*m, -4*m - 28486 + 158669 = 5*j. List the prime factors of j.
5, 41, 127
Let c(g) = 340*g - 80. Let q be c(4). Let k = q - 811. List the prime factors of k.
7, 67
Let n be (1 + 9)*6/4. Suppose -n*l + 10*l = -140. Let j = 108 + l. List the prime factors of j.
2, 17
Suppose 3*p = 4*a - 93, -23 = 4*a - p - 110. Suppose 0 = a*q - 4*q - 5848. What are the prime factors of q?
2, 43
Suppose -10 = 5*j - 3*j. List the prime factors of 8/j*-1230*(-3)/(-6).
2, 3, 41
Let q be (-21)/14 + 11/2. Suppose 9*f + 2*s = q*f + 2582, s + 2063 = 4*f. What are the prime factors of f?
2, 3, 43
Suppose 6*a - 139982 = -12*a + 132016. List the prime factors of a.
3, 23, 73
Let z(w) = -w**2 - 6*w + 110. Let d be z(8). What are the prime factors of (-34923)/(-42) + (1 - (-5)/d)?
2, 5, 83
Let y(k) = -2*k**3 + 7*k**2 + 17*k + 12. Let d = -133 + 125. What are the prime factors of y(d)?
2, 337
Suppose q - 1622 = 5*u, 3*u - 2247 = 5*q - 10445. List the prime factors of q.
2, 821
Let c = 8505 - -28897. List the prime factors of c.
2, 18701
Let h(d) = 49*d - 5. Let z(r) = r + 6. Let s(p) = -h(p) - z(p). Suppose -4*i - 16 = 0, 0 = 5*o + 8*i - 3*i + 25. List the prime factors of s(o).
7
Suppose 0 = 5*f - 23 - 2. Let u = 215 - f. Suppose y = -6*y + u. What are the prime factors of y?
2, 3, 5
Let s(u) = u**2 - 4*u + 5. Let w = 36 - 33. Let g be s(w). Suppose 0*o + g*o - 60 = 0. List the prime factors of o.
2, 3, 5
Suppose 0 = 2*a + 7*a - 18. Let c be (0 - 4) + 2 - a. What are the prime factors of ((-170)/(-75) + c/6)*40?
2
Suppose 0 = 13997*s - 14011*s + 202650. List the prime factors of s.
3, 5, 193
Let s = 17 + -13. Suppose 658 = 4*k + 5*m, -3*m + 160 = k - s*m. Let h = 21 + k. What are the prime factors of h?
3, 61
Let t be (-5 - -11)/(-12)*0. Suppose 5*n = 5*q - 1585, -4*q = -t*q + 5*n - 1232. What are the prime factors of q?
313
Suppose 0 = 8*a - 5*a - 6. Suppose 3*c - 17 = -a*u, u + 2*c = -u + 16. Suppose 0 = -u*y - 279 + 1070. What are the prime factors of y?
113
Let i be (1*-3)/(11 + 212364/(-19305)). Suppose -i + 1661 = -14*j. List the prime factors of j.
11, 31
Let t = 78095 + -36523. List the prime factors of t.
2, 19, 547
Let f = 8036 + 4200. List the prime factors of f.
2, 7, 19, 23
Let z(g) = -23*g**2 - 3*g - 91. Let s be z(-7). Let b = s - -1754. What are the prime factors of b?
557
Let g be 6 + ((-255)/5)/3. Let d(k) = -23*k - 14. List the prime factors of d(g).
239
Suppose -25*r - 138*r + 12 = -477. Suppose -1350 = -3*y - 0*y. Suppose r*u = 3*n + y, 0 = -2*u + n + 2*n + 302. List the prime factors of u.
2, 37
List the prime factors of ((-26034)/9)/((-78)/117).
4339
Suppose -493*x + 5729870 = -9783361. List the prime factors of x.
3, 17, 617
Suppose 3*t - 7 - 8 = 0. Let i be -3 + 4 + t + -1. Let r(m) = m**2 + 2*m - 10. What are the prime factors of r(i)?
5
Let u(p) = 16*p + 44. Let n be u(0). Let a(r) = 9*r + 286. What are the prime factors of a(n)?
2, 11, 31
Suppose -44158 + 244943 = 69*i - 4*i. What are the prime factors of i?
3089
What are the prime factors of 35/(-21) - (-1446552)/81?
7, 2551
What are the prime factors of (-56)/7 + -3 + (2 - -33629)?
2, 5, 41
Let t be 3/((18/30)/1)*1. Suppose -t*w = 5*n - 2895, -9*w = -n - 5*w + 574. List the prime factors of n.
2, 17
Suppose f = 3*p - 2, 2*p - 17 = -2*f + p. Let u be (-21 - -1 - (5 - 4))*f. What are the prime factors of (u + -1)*(-6)/12?
2, 37
Let j(a) = -a**3 + 55*a**2 + 40*a - 78. List the prime factors of j(-14).
2, 17, 379
Let c(b) = 270*b**2 + 25*b + 46. List the prime factors of c(-2).
2, 269
Let d be (-892)/(-1115)*(-1 - 694/1). What are the prime factors of 3*(-14)/12*(2 + d)?
7, 277
Suppose 2*b - 27*s + 23*s - 45630 = 0, -5*b - 3*s = -114127. What are the prime factors of b?
29, 787
Let c(g) = g**3 + 3*g**2 + 5*g + 5. Let w be c(-6). Let m = w - -218. Suppose -5*r = -3*t + 59, 8*t - m = 3*t - 5*r. What are the prime factors of t?
2, 3
Let y be -1*(-4)/4 + (-24)/(-4). Let d = y + -4. List the prime factors of (-199)/(-3) + 2/d.
67
Suppose -53*i + 124*i - 146727 = 1211432. List the prime factors of i.
11, 37, 47
Let f = -440 - -1083. Let u = 943 - f. What are the prime factors of u?
2, 3, 5
Suppose 12*j - 5*m = 9*j + 301, -2*j = -m - 189. Suppose -2532 = j*a - 98*a. What are the prime factors of a?
2, 211
Suppose -5*g = -2*i + 14312, 5*g = -1014 + 1004. What are the prime factors of i?
7151
Suppose -75 = s - 16*s. Suppose -y + 8*q + 1484 = 13*q, s*q - 7500 = -5*y. What are the prime factors of y?
2, 47
Suppose 2*x = -3*g - 14 + 33, -2*x = -4. Suppose 1490 = 7*t - 4*t - k, 0 = -g*t - 4*k + 2506. What are the prime factors of t?
2, 3, 83
Let c be (2*(-872)/(-48))/(2/66). Suppose 0*u - 2*k = -u + c, 0 = -2*u + k + 2395. List the prime factors of u.
3, 7, 19
Suppose 0 = -44*i + 37*i + 861. Suppose 3*b - i = 2*b. List the prime factors of b.
3, 41
Let s(l) = 96*l + 30. Let v = -24 - -28. Let r be s(v). Suppose r = -3*a + 6*a. What are the prime factors of a?
2, 3, 23
Let d(y) = 109*y**2 + 88*y + 1099. List the prime factors of d(-16).
5, 5519
Let i(q) = -20*q + 61. Let j(h) = -41*h + 119. Let z(a) = 42*a - 118. Let d(w) = -4*j(w) - 3*z(w). Let u(f) = 3*d(f) + 5*i(f). List the prime factors of u(11).
3, 31
Let t(w) = 2*w**2 + 9*w - 13. Let h be t(-11). Let n = h - 49. Suppose -y + 2*i = -i - 83, y - n = i. What are the prime factors of y?
2, 5
Let p = -50 + 55. Let l = 137 + -133. Suppose -p*w = -l*y - 681, -128 - 424 = -4*w + 5*y. List the prime factors of w.
7, 19
Suppose 0 = 4*a - 0*a + j - 83044, 5*j + 20740 = a. List the prime factors of a.
2, 3, 5, 173
Let g(c) = 12*c**2 - c**3 + 0 - 6 - 1 - 9*c. Let j be g(11). What are the prime factors of (-5)/j + (2 - (-13)/3)?
2, 3
Suppose 2*n + 4*h - 5582 = 3500, -n + 5*h = -4548. List the prime factors of n.
7, 11, 59
Let t = 8877 + -4962. List the prime factors of t.
3, 5, 29
Suppose 3*p - p - 3360 = -4*d, -p + 1689 = -d. Suppose -10*h + p = -4*h. List the prime factors of h.
281
Let y = 6643 + -1399. List the prime factors of y.
2, 3, 19, 23
Suppose -20093 = -20*l + 31987. What are the prime factors of l?
2, 3, 7, 31
Let h = 1045 + -376. Let o = h + -614. List the prime factors of o.
5, 11
Let z = 1449 + 1156. What are the prime factors of z?
5, 521
Let t(u) = -u**2 + 31*u - 127. Let m be t(26). List the prime factors of (-145422)/(-99) + m/33.
13, 113
Let n(p) = -p**3 - 32*p**2 - 116*p - 12. Suppose 2*f + 392 = -12*f. List the prime factors of n(f).
2, 5
Let p(z) = 15*z + 33. Let u be p(9). Suppose 8*d = 10*d - u. Let m = d - 29. List the prime factors of m.
5, 11
Let w(c) = 1 + 0*c**2 - 3 + 2*c**2 + 10*c - c**3 - 4. Let b be w(4). Suppose b*u - 5*n = 197, 4*u + 4*n + 295 - 703 = 0. List the prime factors of u.
101
Let g(d) be